f 32 and y.
16
Suppose -5*v = -4 + 19, -t + 26 = 3*v. Suppose -t*b + 234 = -32*b. Calculate the highest common divisor of b and 24.
6
Let u be (-20)/(-8)*2*5. Suppose -10*c + 155 = 105. Calculate the highest common divisor of c and u.
5
Let i be (-3)/(-54)*15 + (2 - (-10252)/24). Calculate the highest common divisor of 3526 and i.
86
Let o(a) = 3*a - 22. Let n be o(10). Suppose n*t = 7*t + 8. Suppose -100*p + 64 = -98*p. Calculate the greatest common divisor of t and p.
8
Let r be 9*-3*2/(-9). Suppose -5*s - 2324 = 13*q - 16*q, -4*q = -12. Let z = 469 + s. Calculate the highest common factor of z and r.
6
Let x = 11273 + -11189. Calculate the highest common divisor of x and 133.
7
Let u be (-42)/(-4) + 28 + -37 + 248/16. Let r be 17/(1/28 - 0). What is the greatest common factor of r and u?
17
Let r = 85 + 185. Suppose 50 + 240 = 29*p. What is the greatest common factor of r and p?
10
Let r(g) = -2*g**2 + 31*g - 3. Let s be r(6). What is the greatest common factor of 3 and s?
3
Let c be 11/((-66)/(-80))*3. Let l = 45 - c. Let j(i) = i + 16. Let h be j(l). What is the greatest common divisor of 147 and h?
21
Suppose -268*u + 4*l + 108 = -264*u, 0 = -4*l + 32. Calculate the greatest common factor of 19145 and u.
35
Let o = 14993 + -11105. Calculate the highest common divisor of o and 16.
16
Let g = 13465 - 9357. Calculate the highest common factor of 2212 and g.
316
Let q be 940/45 + 3/27. Suppose -8*t - 137 = -3*u - 3*t, -3*t - 141 = -3*u. What is the greatest common factor of u and q?
7
Let z = -14621 + 14641. Let v be (6/(-5))/((-2)/5). Suppose -m + 13 = v. Calculate the greatest common divisor of z and m.
10
Let b be -2 + 0 - 3/(-1). Let u be 1 + 12 + b + 1. Let h = 10935 - 10875. Calculate the highest common factor of h and u.
15
Let v = 7138 + -4065. Suppose 775 = 4*t - v. What is the greatest common divisor of t and 74?
74
Let n be (-11)/(2 - 0 - 437/209). Suppose -6*s + n = -41. Calculate the highest common factor of 9 and s.
9
Suppose -h - 4*j - 9 = 0, j - 2 = -3*h + 4. Let q(p) = p**2 - 17*p + 10. Let y be q(11). Let g = y + 60. What is the greatest common factor of g and h?
1
Let v(d) = -2*d**2 - 4*d + 18. Let g be v(-6). Let o be 97/(-1) + (-150)/g. Let q = o + 170. What is the greatest common factor of 117 and q?
39
Suppose 512*f + 136439 = 1086199. Calculate the highest common divisor of 315 and f.
35
Suppose -3*i + 15 = -8*i, -4*i - 28 = -4*v. Calculate the greatest common divisor of 572 and v.
4
Let o(m) = -m**3 - 148*m**2 + 291*m - 1118. Let a be o(-150). What is the highest common factor of a and 72?
8
Let u(d) = 381*d + 6177. Let s be u(-5). Calculate the highest common factor of s and 36.
12
Let m = 9670 + -5092. Calculate the greatest common divisor of m and 84.
42
Suppose 61*l = 82*l - 168. Calculate the greatest common factor of 1432 and l.
8
Let a be (6/9)/((-42)/(-33264)). What is the greatest common factor of a and 3?
3
Suppose -10*u = 3*m - 6*u - 42, -5*u = 2*m - 35. Suppose 14*b = m*b + 384. Calculate the greatest common factor of b and 128.
32
Let f be 123/(-423) + 348/(-8178) + (-1720)/(-3). Calculate the greatest common factor of 15 and f.
3
Suppose -2*n + 12 = 2*q, -3*n - 17 + 8 = 0. Suppose -4 = -5*z - q. Let g be (z - 2) + 0 + -1 + 323. Calculate the greatest common divisor of g and 29.
29
Suppose -3*t + 4863 = n, -6*n + t - 19441 = -10*n. Calculate the greatest common divisor of 450 and n.
90
Suppose 5*g + 5*i - i = 525, i + 5 = 0. Let r = -26 - -184. Suppose -4*j - j + p = -r, -4*j - 5*p = -g. What is the greatest common divisor of 31 and j?
31
Let c(a) = 49*a + 6 - 15*a - 11*a + a**2 - 16*a. Let j be 12/(-18)*21/2. Let y be c(j). Calculate the highest common divisor of 21 and y.
3
Let p = -250240 - -250242. Suppose -x - 2*d = d - 13, 0 = x + 2*d - 16. Calculate the highest common divisor of p and x.
2
Suppose 5*s + 5 = 0, -2*j = -5*j - 3*s - 9. Let o(l) = 93*l**2 + l - 2. Let a be o(j). What is the highest common factor of a and 46?
46
Suppose -3*x - 807 = -3*k, -26*x + 27*x - 1051 = -4*k. Calculate the highest common factor of k and 1496.
88
Let c(b) = 2*b + 34. Let j be c(-19). Let g be 180*6*j/(-30). What is the greatest common factor of 48 and g?
48
Let n(x) = x**2 - 27*x + 30. Let b be n(26). Let v be -4 - (4/3)/(b/(-606)). Calculate the greatest common divisor of v and 22.
22
Let t(p) = -15*p**2 - p. Let h be t(-1). Let y(i) = -13*i + 66. Let q be y(h). Calculate the greatest common factor of 31 and q.
31
Let k(s) = 4*s**2 + s - 6. Let r be 0 + 256/3 - (-42)/63. Let o = 92 - r. Let i be k(o). Calculate the highest common factor of 18 and i.
18
Let a(v) = 16*v**2 + 6*v + 5. Let j be a(-1). Suppose 27*l - 5544 = j*l. What is the greatest common factor of 22 and l?
22
Let r be -3 + 5 + (1 - -6). Let i = -478 + 838. What is the greatest common divisor of i and r?
9
Let s(l) = -l**3 + 14*l**2 + 12*l + 8. Let r be s(15). Let u(x) = -x**2 - 42*x - 122. Let p be u(r). Calculate the greatest common factor of p and 441.
63
Let s(n) = 4*n**3 - 343*n**2 - 84*n - 133. Let v be s(86). Suppose -5*f = -f - 208. Calculate the highest common divisor of f and v.
13
Let t(i) = i**3 + 5*i**2 + 2*i - 6. Let v be t(-5). Let j = 24 - v. Let f(c) = 8*c + 116. Let x be f(-2). Calculate the greatest common factor of x and j.
20
Suppose 1111 = x + 10*x. Suppose 2*j - 6*f = -f + 220, 2*f - x = -j. Calculate the greatest common factor of j and 15.
15
Let i(p) be the third derivative of 5*p**4/3 - 59*p**3/6 - 78*p**2. Let x be i(8). Calculate the greatest common factor of 58 and x.
29
Let x be (39/(-15))/(16/(-5) - -3). Suppose 5*o = 5*k + 70, -11*k + x*k = 0. What is the greatest common factor of o and 14?
14
Suppose 0 = 38*n - 34*n - 64. Suppose 3*q + 3*s - 1206 = s, q - 397 = s. Calculate the highest common divisor of q and n.
16
Let v be (-7 + -7 - -6)*-68. Suppose -2*q - v = -4*c - 6*q, -4*q = 5*c - 679. What is the highest common factor of 189 and c?
27
Suppose 0*o - 4*o = -228. Suppose -5*r - 149 = 6. Let z = o + r. Calculate the highest common factor of 39 and z.
13
Let m = 64840 - 64830. Let f(g) = g**2 - 3*g. Let h be f(-5). What is the highest common divisor of m and h?
10
Suppose -2*l - 8*n + 3*n + 144 = 0, -3*n + 360 = 5*l. Suppose -159 = o + 141 - 420. Calculate the greatest common divisor of l and o.
24
Let n be (-2)/8 + (-12)/16. Suppose 0*x - 3*x + 2*v + 79 = 0, -x - 5*v - 2 = 0. Let m be 1*((n - -2) + x). Calculate the highest common factor of m and 16.
8
Let f = -17 + 111. Let d = 93 - f. Let y(k) = -43*k - 1. Let u be y(d). What is the highest common divisor of 56 and u?
14
Let z(b) = 9*b**2 - 65*b - 159. Let t be z(-3). What is the highest common factor of 195 and t?
39
Suppose -5*d + 5*k = -115, -2*d - 3*k = -7*k - 52. Let f be 4 + -3 - (6 + -4) - 1. Let b be 124/6 + f/3. Calculate the highest common factor of d and b.
20
Let t(h) be the first derivative of -11/2*h**2 - 1/3*h**3 + 12*h + 17. Let r be t(-10). Calculate the highest common factor of 44 and r.
22
Let m(b) = -13*b + 28. Let c be m(-9). Let k = c + -136. Let p = 115 + -16. What is the highest common divisor of p and k?
9
Let w = 60 + -38. Suppose 0 = 935*y - 931*y - 8. What is the greatest common divisor of y and w?
2
Suppose 16 = 4*o - 14*k + 11*k, -o + 5*k + 4 = 0. Calculate the greatest common factor of o and 908.
4
Let x(j) = 1 - 4 - 5*j + 4 + 4*j. Let w(m) = -5*m - 12. Let n(v) = -w(v) + 3*x(v). Let q be n(5). Calculate the highest common divisor of q and 5.
5
Let x = -2218 + 2223. What is the highest common factor of 37 and x?
1
Let v = 303 - 301. Let u be (-4)/v - (-7)/(35/85). Let s(z) = z**3 + 2*z - 2. Let a be s(2). What is the highest common factor of a and u?
5
Let o be -3 - (6/24 - (-7444)/(-16)). Let m = o + -416. Calculate the highest common divisor of m and 161.
23
Let l(x) = -x**3 + 46*x**2 + 153*x - 105. Let u be l(49). What is the highest common factor of u and 14?
7
Let b be (37590/4)/(((-234)/24)/(-13)). Let q = b - 19177. Let x be q/(-85) - (-1 + (-12)/(-10)). Calculate the highest common divisor of x and 26.
26
Let g(j) = -6*j + 25. Let m(b) = -b - 12. Let n be m(-17). Let l be n/((-5)/(-4)) + -24. Let k be g(l). Calculate the highest common factor of 29 and k.
29
Suppose -16*a + 13*a + 1555 = 5*k, 2*k = -3*a + 1540. What i